{"id":408,"date":"2025-01-30T21:56:24","date_gmt":"2025-01-30T20:56:24","guid":{"rendered":"https:\/\/the7.io\/beauty-studio\/?page_id=408"},"modified":"2025-06-03T23:53:53","modified_gmt":"2025-06-03T21:53:53","slug":"ev-charger-nabijacka","status":"publish","type":"page","link":"https:\/\/www.hotelcitygalanta.sk\/hcg\/sluzby\/ev-charger-nabijacka\/","title":{"rendered":"EV charger &#8211; nab\u00edja\u010dka"},"content":{"rendered":"<div class=\"wpb-content-wrapper\"><p>[vc_row type=&#8220;vc_default&#8220;][vc_column css=&#8220;.vc_custom_1498229431694{padding-bottom: 50px !important;}&#8220;][vc_empty_space]<style type=\"text\/css\" data-type=\"the7_shortcodes-inline-css\">.shortcode-single-image-wrap.shortcode-single-image-0e036771b9fdbc3b797c4b65883f2ecf.enable-bg-rollover .rollover i,\n.shortcode-single-image-wrap.shortcode-single-image-0e036771b9fdbc3b797c4b65883f2ecf.enable-bg-rollover .rollover-video i {\n  background: -webkit-linear-gradient();\n  background: linear-gradient();\n}\n.shortcode-single-image-wrap.shortcode-single-image-0e036771b9fdbc3b797c4b65883f2ecf .rollover-icon {\n  font-size: 32px;\n  color: #ffffff;\n  min-width: 44px;\n  min-height: 44px;\n  line-height: 44px;\n  border-radius: 100px;\n  border-style: solid;\n  border-width: 0px;\n}\n.dt-icon-bg-on.shortcode-single-image-wrap.shortcode-single-image-0e036771b9fdbc3b797c4b65883f2ecf .rollover-icon {\n  background: rgba(255,255,255,0.3);\n  box-shadow: none;\n}<\/style><div class=\"shortcode-single-image-wrap shortcode-single-image-0e036771b9fdbc3b797c4b65883f2ecf alignnone  vc_custom_1731500270554 enable-bg-rollover dt-icon-bg-off\" ><div class=\"shortcode-single-image\"><div class=\"fancy-media-wrap\" style=\"border-radius:500px;\"><a href=\"https:\/\/www.hotelcitygalanta.sk\/hcg\/sluzby\/ev-charger-nabijacka\/\" class=\" layzr-bg rollover\" style=\"border-radius:500px;\" aria-label=\"Image\"><img decoding=\"async\" class=\"preload-me lazy-load aspect\" src=\"data:image\/svg+xml,%3Csvg%20xmlns%3D&#39;http%3A%2F%2Fwww.w3.org%2F2000%2Fsvg&#39;%20viewBox%3D&#39;0%200%20150%20150&#39;%2F%3E\" data-src=\"https:\/\/www.hotelcitygalanta.sk\/hcg\/wp-content\/uploads\/2024\/11\/electric-car-150x150.png\" data-srcset=\"https:\/\/www.hotelcitygalanta.sk\/hcg\/wp-content\/uploads\/2024\/11\/electric-car-150x150.png 150w, https:\/\/www.hotelcitygalanta.sk\/hcg\/wp-content\/uploads\/2024\/11\/electric-car-300x300.png 300w\" loading=\"eager\" style=\"--ratio: 150 \/ 150\" sizes=\"(max-width: 150px) 100vw, 150px\" width=\"150\" height=\"150\"  data-dt-location=\"https:\/\/www.hotelcitygalanta.sk\/hcg\/sluzby\/electric-car\/\" alt=\"\" \/><\/a><\/div><\/div><\/div><div id=\"ultimate-heading-914369f55fe23a17b\" class=\"uvc-heading ult-adjust-bottom-margin ultimate-heading-914369f55fe23a17b uvc-5718 \" data-hspacer=\"no_spacer\"  data-halign=\"left\" style=\"text-align:left\"><div class=\"uvc-heading-spacer no_spacer\" style=\"top\"><\/div><div class=\"uvc-main-heading ult-responsive\"  data-ultimate-target='.uvc-heading.ultimate-heading-914369f55fe23a17b h2'  data-responsive-json-new='{\"font-size\":\"desktop:26px;\",\"line-height\":\"desktop:32px;\"}' ><h2 style=\"font-weight:bold;margin-bottom:20px;\">EV Charger - nab\u00edja\u010dka e\u00c1ut<\/h2><\/div><\/div>[vc_column_text css=&#8220;&#8220;]<span style=\"color: #99cc00;\">SME ZELEN\u00cd:\u00a0<\/span>aj my sa sna\u017e\u00edme podporova\u0165 elektromobilitu, preto si nad\u0161enci e-\u00e1ut m\u00f4\u017eu po\u010das ubytovania u n\u00e1s dobi\u0165 bat\u00e9rie na svojom dopravnom prostriedku.<\/p>\n<p>&nbsp;<\/p>\n<p>Aby ste si boli ist\u00ed, \u017ee V\u00e1m na\u0161a nab\u00edja\u010dka vyhovuje, pon\u00fakame V\u00e1m tieto technick\u00e9 \u0161pecifik\u00e1cie:<\/p>\n<p>&nbsp;<\/p>\n<blockquote><p><strong>Z\u00c1KLADN\u00c9 \u00daDAJE<br \/>\n<\/strong>&#8211; nab\u00edja\u010dka AC &#8211; vyu\u017e\u00edva sa Va\u0161a palubn\u00e1 nab\u00edja\u010dka<br \/>\n&#8211; pripojenie: Type2 (samica &#8211; je potrebn\u00e9 si prinies\u0165 vlastn\u00fd k\u00e1bel)<br \/>\n&#8211; istenie na jedno auto: 20A, max. v\u00fdkon 13,8kW<br \/>\n&#8211; po\u010det pripojen\u00ed: 2 aut\u00e1<\/p><\/blockquote>\n<p>&nbsp;<\/p>\n<p>Ak potrebujete vedie\u0165 viac, alebo si nab\u00edja\u010dku chcete po\u010das svojho pobytu u n\u00e1s zarezervova\u0165, pros\u00edm, kontaktujte n\u00e1s.<\/p>\n<p>&nbsp;<\/p>\n<p>&nbsp;<\/p>\n<p><em>Slu\u017eba m\u00f4\u017ee by\u0165 spoplatnen\u00e1.<\/em>[\/vc_column_text][vc_empty_space]<style type=\"text\/css\" data-type=\"the7_shortcodes-inline-css\">.shortcode-single-image-wrap.shortcode-single-image-9773a0f8f59e65acc7c6ed83ce4fb585.enable-bg-rollover .rollover i,\n.shortcode-single-image-wrap.shortcode-single-image-9773a0f8f59e65acc7c6ed83ce4fb585.enable-bg-rollover .rollover-video i {\n  background: -webkit-linear-gradient();\n  background: linear-gradient();\n}\n.shortcode-single-image-wrap.shortcode-single-image-9773a0f8f59e65acc7c6ed83ce4fb585 .rollover-icon {\n  font-size: 32px;\n  color: #ffffff;\n  min-width: 44px;\n  min-height: 44px;\n  line-height: 44px;\n  border-radius: 100px;\n  border-style: solid;\n  border-width: 0px;\n}\n.dt-icon-bg-on.shortcode-single-image-wrap.shortcode-single-image-9773a0f8f59e65acc7c6ed83ce4fb585 .rollover-icon {\n  background: rgba(255,255,255,0.3);\n  box-shadow: none;\n}<\/style><div class=\"shortcode-single-image-wrap shortcode-single-image-9773a0f8f59e65acc7c6ed83ce4fb585 alignnone  vc_custom_1731592855188 enable-bg-rollover dt-icon-bg-off\" ><div class=\"shortcode-single-image\"><div class=\"fancy-media-wrap  layzr-bg\" style=\"border-radius:50px;\"><img fetchpriority=\"high\" decoding=\"async\" class=\"preload-me lazy-load aspect\" src=\"data:image\/svg+xml,%3Csvg%20xmlns%3D&#39;http%3A%2F%2Fwww.w3.org%2F2000%2Fsvg&#39;%20viewBox%3D&#39;0%200%20700%20461&#39;%2F%3E\" data-src=\"https:\/\/www.hotelcitygalanta.sk\/hcg\/wp-content\/uploads\/2024\/03\/Electric-car-eco-friendly-energy-concept-700x461.jpg\" data-srcset=\"https:\/\/www.hotelcitygalanta.sk\/hcg\/wp-content\/uploads\/2024\/03\/Electric-car-eco-friendly-energy-concept-700x461.jpg 700w, https:\/\/www.hotelcitygalanta.sk\/hcg\/wp-content\/uploads\/2024\/03\/Electric-car-eco-friendly-energy-concept.jpg 1000w\" loading=\"eager\" sizes=\"(max-width: 700px) 100vw, 700px\" width=\"700\" height=\"461\"  data-dt-location=\"https:\/\/www.hotelcitygalanta.sk\/hcg\/electric-car-eco-friendly-energy-concept\/\" style=\"--ratio: 700 \/ 461;box-shadow:5px 5px 5px 5px rgba(0,0,0,0.6); -webkit-box-shadow:5px 5px 5px 5px rgba(0,0,0,0.6); border-radius:50px;\" alt=\"\" \/><\/div><\/div><\/div>[\/vc_column][\/vc_row]<\/p>\n<\/div>","protected":false},"excerpt":{"rendered":"<p>[vc_row type=&#8220;vc_default&#8220;][vc_column css=&#8220;.vc_custom_1498229431694{padding-bottom: 50px !important;}&#8220;][vc_empty_space][vc_column_text css=&#8220;&#8220;]SME ZELEN\u00cd:\u00a0aj my sa sna\u017e\u00edme podporova\u0165 elektromobilitu, preto si nad\u0161enci e-\u00e1ut m\u00f4\u017eu po\u010das ubytovania u n\u00e1s dobi\u0165 bat\u00e9rie na svojom dopravnom prostriedku. &nbsp; Aby ste si boli ist\u00ed, \u017ee V\u00e1m na\u0161a nab\u00edja\u010dka vyhovuje, pon\u00fakame V\u00e1m tieto technick\u00e9 \u0161pecifik\u00e1cie: &nbsp; Z\u00c1KLADN\u00c9 \u00daDAJE &#8211; nab\u00edja\u010dka AC &#8211; vyu\u017e\u00edva sa Va\u0161a palubn\u00e1 nab\u00edja\u010dka&hellip;<\/p>\n","protected":false},"author":1,"featured_media":0,"parent":1923,"menu_order":100,"comment_status":"closed","ping_status":"closed","template":"","meta":{"footnotes":""},"class_list":["post-408","page","type-page","status-publish","hentry","description-off"],"yoast_head":"<!-- This site is optimized with the Yoast SEO plugin v27.0 - https:\/\/yoast.com\/product\/yoast-seo-wordpress\/ -->\n<title>EV charger - nab\u00edja\u010dka - Hotel CITY **** Galanta<\/title>\n<meta name=\"robots\" content=\"index, follow, max-snippet:-1, max-image-preview:large, max-video-preview:-1\" \/>\n<link rel=\"canonical\" href=\"https:\/\/www.hotelcitygalanta.sk\/hcg\/sluzby\/ev-charger-nabijacka\/\" \/>\n<meta property=\"og:locale\" content=\"sk_SK\" \/>\n<meta property=\"og:type\" content=\"article\" \/>\n<meta property=\"og:title\" content=\"EV charger - nab\u00edja\u010dka - Hotel CITY **** Galanta\" \/>\n<meta property=\"og:description\" content=\"[vc_row type=&#8220;vc_default&#8220;][vc_column css=&#8220;.vc_custom_1498229431694{padding-bottom: 50px !important;}&#8220;][vc_empty_space][vc_column_text css=&#8220;&#8220;]SME ZELEN\u00cd:\u00a0aj my sa sna\u017e\u00edme podporova\u0165 elektromobilitu, preto si nad\u0161enci e-\u00e1ut m\u00f4\u017eu po\u010das ubytovania u n\u00e1s dobi\u0165 bat\u00e9rie na svojom dopravnom prostriedku. &nbsp; Aby ste si boli ist\u00ed, \u017ee V\u00e1m na\u0161a nab\u00edja\u010dka vyhovuje, pon\u00fakame V\u00e1m tieto technick\u00e9 \u0161pecifik\u00e1cie: &nbsp; Z\u00c1KLADN\u00c9 \u00daDAJE &#8211; nab\u00edja\u010dka AC &#8211; vyu\u017e\u00edva sa Va\u0161a palubn\u00e1 nab\u00edja\u010dka&hellip;\" \/>\n<meta property=\"og:url\" content=\"https:\/\/www.hotelcitygalanta.sk\/hcg\/sluzby\/ev-charger-nabijacka\/\" \/>\n<meta property=\"og:site_name\" content=\"Hotel CITY **** Galanta\" \/>\n<meta property=\"article:modified_time\" content=\"2025-06-03T21:53:53+00:00\" \/>\n<meta name=\"twitter:card\" content=\"summary_large_image\" \/>\n<meta name=\"twitter:label1\" content=\"Predpokladan\u00fd \u010das \u010d\u00edtania\" \/>\n\t<meta name=\"twitter:data1\" content=\"1 min\u00fata\" \/>\n<script type=\"application\/ld+json\" class=\"yoast-schema-graph\">{\"@context\":\"https:\/\/schema.org\",\"@graph\":[{\"@type\":\"WebPage\",\"@id\":\"https:\/\/www.hotelcitygalanta.sk\/hcg\/sluzby\/ev-charger-nabijacka\/\",\"url\":\"https:\/\/www.hotelcitygalanta.sk\/hcg\/sluzby\/ev-charger-nabijacka\/\",\"name\":\"EV charger - nab\u00edja\u010dka - Hotel CITY **** Galanta\",\"isPartOf\":{\"@id\":\"https:\/\/www.hotelcitygalanta.sk\/hcg\/#website\"},\"datePublished\":\"2025-01-30T20:56:24+00:00\",\"dateModified\":\"2025-06-03T21:53:53+00:00\",\"breadcrumb\":{\"@id\":\"https:\/\/www.hotelcitygalanta.sk\/hcg\/sluzby\/ev-charger-nabijacka\/#breadcrumb\"},\"inLanguage\":\"sk-SK\",\"potentialAction\":[{\"@type\":\"ReadAction\",\"target\":[\"https:\/\/www.hotelcitygalanta.sk\/hcg\/sluzby\/ev-charger-nabijacka\/\"]}]},{\"@type\":\"BreadcrumbList\",\"@id\":\"https:\/\/www.hotelcitygalanta.sk\/hcg\/sluzby\/ev-charger-nabijacka\/#breadcrumb\",\"itemListElement\":[{\"@type\":\"ListItem\",\"position\":1,\"name\":\"Home\",\"item\":\"https:\/\/www.hotelcitygalanta.sk\/hcg\/\"},{\"@type\":\"ListItem\",\"position\":2,\"name\":\"Ostatn\u00e9 slu\u017eby\",\"item\":\"https:\/\/www.hotelcitygalanta.sk\/hcg\/sluzby\/\"},{\"@type\":\"ListItem\",\"position\":3,\"name\":\"EV charger &#8211; nab\u00edja\u010dka\"}]},{\"@type\":\"WebSite\",\"@id\":\"https:\/\/www.hotelcitygalanta.sk\/hcg\/#website\",\"url\":\"https:\/\/www.hotelcitygalanta.sk\/hcg\/\",\"name\":\"Hotel CITY **** Galanta\",\"description\":\"Business hotel v centre Galanty\",\"potentialAction\":[{\"@type\":\"SearchAction\",\"target\":{\"@type\":\"EntryPoint\",\"urlTemplate\":\"https:\/\/www.hotelcitygalanta.sk\/hcg\/?s={search_term_string}\"},\"query-input\":{\"@type\":\"PropertyValueSpecification\",\"valueRequired\":true,\"valueName\":\"search_term_string\"}}],\"inLanguage\":\"sk-SK\"}]}<\/script>\n<!-- \/ Yoast SEO plugin. -->","yoast_head_json":{"title":"EV charger - nab\u00edja\u010dka - Hotel CITY **** Galanta","robots":{"index":"index","follow":"follow","max-snippet":"max-snippet:-1","max-image-preview":"max-image-preview:large","max-video-preview":"max-video-preview:-1"},"canonical":"https:\/\/www.hotelcitygalanta.sk\/hcg\/sluzby\/ev-charger-nabijacka\/","og_locale":"sk_SK","og_type":"article","og_title":"EV charger - nab\u00edja\u010dka - Hotel CITY **** Galanta","og_description":"[vc_row type=&#8220;vc_default&#8220;][vc_column css=&#8220;.vc_custom_1498229431694{padding-bottom: 50px !important;}&#8220;][vc_empty_space][vc_column_text css=&#8220;&#8220;]SME ZELEN\u00cd:\u00a0aj my sa sna\u017e\u00edme podporova\u0165 elektromobilitu, preto si nad\u0161enci e-\u00e1ut m\u00f4\u017eu po\u010das ubytovania u n\u00e1s dobi\u0165 bat\u00e9rie na svojom dopravnom prostriedku. &nbsp; Aby ste si boli ist\u00ed, \u017ee V\u00e1m na\u0161a nab\u00edja\u010dka vyhovuje, pon\u00fakame V\u00e1m tieto technick\u00e9 \u0161pecifik\u00e1cie: &nbsp; Z\u00c1KLADN\u00c9 \u00daDAJE &#8211; nab\u00edja\u010dka AC &#8211; vyu\u017e\u00edva sa Va\u0161a palubn\u00e1 nab\u00edja\u010dka&hellip;","og_url":"https:\/\/www.hotelcitygalanta.sk\/hcg\/sluzby\/ev-charger-nabijacka\/","og_site_name":"Hotel CITY **** Galanta","article_modified_time":"2025-06-03T21:53:53+00:00","twitter_card":"summary_large_image","twitter_misc":{"Predpokladan\u00fd \u010das \u010d\u00edtania":"1 min\u00fata"},"schema":{"@context":"https:\/\/schema.org","@graph":[{"@type":"WebPage","@id":"https:\/\/www.hotelcitygalanta.sk\/hcg\/sluzby\/ev-charger-nabijacka\/","url":"https:\/\/www.hotelcitygalanta.sk\/hcg\/sluzby\/ev-charger-nabijacka\/","name":"EV charger - nab\u00edja\u010dka - Hotel CITY **** Galanta","isPartOf":{"@id":"https:\/\/www.hotelcitygalanta.sk\/hcg\/#website"},"datePublished":"2025-01-30T20:56:24+00:00","dateModified":"2025-06-03T21:53:53+00:00","breadcrumb":{"@id":"https:\/\/www.hotelcitygalanta.sk\/hcg\/sluzby\/ev-charger-nabijacka\/#breadcrumb"},"inLanguage":"sk-SK","potentialAction":[{"@type":"ReadAction","target":["https:\/\/www.hotelcitygalanta.sk\/hcg\/sluzby\/ev-charger-nabijacka\/"]}]},{"@type":"BreadcrumbList","@id":"https:\/\/www.hotelcitygalanta.sk\/hcg\/sluzby\/ev-charger-nabijacka\/#breadcrumb","itemListElement":[{"@type":"ListItem","position":1,"name":"Home","item":"https:\/\/www.hotelcitygalanta.sk\/hcg\/"},{"@type":"ListItem","position":2,"name":"Ostatn\u00e9 slu\u017eby","item":"https:\/\/www.hotelcitygalanta.sk\/hcg\/sluzby\/"},{"@type":"ListItem","position":3,"name":"EV charger &#8211; nab\u00edja\u010dka"}]},{"@type":"WebSite","@id":"https:\/\/www.hotelcitygalanta.sk\/hcg\/#website","url":"https:\/\/www.hotelcitygalanta.sk\/hcg\/","name":"Hotel CITY **** Galanta","description":"Business hotel v centre Galanty","potentialAction":[{"@type":"SearchAction","target":{"@type":"EntryPoint","urlTemplate":"https:\/\/www.hotelcitygalanta.sk\/hcg\/?s={search_term_string}"},"query-input":{"@type":"PropertyValueSpecification","valueRequired":true,"valueName":"search_term_string"}}],"inLanguage":"sk-SK"}]}},"_links":{"self":[{"href":"https:\/\/www.hotelcitygalanta.sk\/hcg\/wp-json\/wp\/v2\/pages\/408","targetHints":{"allow":["GET"]}}],"collection":[{"href":"https:\/\/www.hotelcitygalanta.sk\/hcg\/wp-json\/wp\/v2\/pages"}],"about":[{"href":"https:\/\/www.hotelcitygalanta.sk\/hcg\/wp-json\/wp\/v2\/types\/page"}],"author":[{"embeddable":true,"href":"https:\/\/www.hotelcitygalanta.sk\/hcg\/wp-json\/wp\/v2\/users\/1"}],"replies":[{"embeddable":true,"href":"https:\/\/www.hotelcitygalanta.sk\/hcg\/wp-json\/wp\/v2\/comments?post=408"}],"version-history":[{"count":6,"href":"https:\/\/www.hotelcitygalanta.sk\/hcg\/wp-json\/wp\/v2\/pages\/408\/revisions"}],"predecessor-version":[{"id":2672,"href":"https:\/\/www.hotelcitygalanta.sk\/hcg\/wp-json\/wp\/v2\/pages\/408\/revisions\/2672"}],"up":[{"embeddable":true,"href":"https:\/\/www.hotelcitygalanta.sk\/hcg\/wp-json\/wp\/v2\/pages\/1923"}],"wp:attachment":[{"href":"https:\/\/www.hotelcitygalanta.sk\/hcg\/wp-json\/wp\/v2\/media?parent=408"}],"curies":[{"name":"wp","href":"https:\/\/api.w.org\/{rel}","templated":true}]}}